e
Is 12 a factor of 23657?
False
Does 6 divide 1483?
False
Is 24 a factor of 277?
False
Is 23697 a multiple of 3?
True
Is 44 a factor of 4825?
False
Is 133 a factor of 5282?
False
Is 126 a multiple of 14?
True
Is 1256 a multiple of 7?
False
Is 3553 a multiple of 26?
False
Does 75 divide 105?
False
Is 11 a factor of 832?
False
Is 573 a multiple of 40?
False
Is 11183 a multiple of 53?
True
Is 1290 a multiple of 15?
True
Is 6 a factor of 20418?
True
Does 8 divide 2740?
False
Does 12 divide 660?
True
Does 3 divide 1254?
True
Is 101 a factor of 13635?
True
Is 2759 a multiple of 4?
False
Is 1140 a multiple of 10?
True
Is 81 a factor of 11157?
False
Is 198 a multiple of 16?
False
Does 116 divide 24484?
False
Is 21835 a multiple of 18?
False
Is 49 a factor of 2188?
False
Is 7 a factor of 91?
True
Is 25 a factor of 3650?
True
Does 24 divide 518?
False
Does 42 divide 176?
False
Is 49 a multiple of 8?
False
Is 12 a factor of 3444?
True
Is 9 a factor of 832?
False
Is 9 a factor of 1513?
False
Is 65 a factor of 1430?
True
Is 95881 a multiple of 25?
False
Is 25 a factor of 61?
False
Is 210 a factor of 34142?
False
Does 6 divide 66?
True
Is 84 a factor of 2110?
False
Is 8504 a multiple of 10?
False
Does 3 divide 208?
False
Is 187 a multiple of 11?
True
Does 3 divide 3217?
False
Does 106 divide 1060?
True
Does 31 divide 10695?
True
Is 5265 a multiple of 65?
True
Is 51 a factor of 7434?
False
Does 22 divide 25454?
True
Does 6 divide 31361?
False
Does 26 divide 364?
True
Is 36 a factor of 122?
False
Is 4 a factor of 119?
False
Does 32 divide 2592?
True
Does 15 divide 8973?
False
Is 7 a factor of 26910?
False
Is 19 a factor of 65354?
False
Does 18 divide 914?
False
Is 152334 a multiple of 15?
False
Does 41 divide 8446?
True
Is 1596 a multiple of 4?
True
Does 8 divide 264?
True
Does 3 divide 60?
True
Is 85 a factor of 1756?
False
Does 5 divide 887?
False
Is 19 a factor of 26403?
False
Is 35121 a multiple of 69?
True
Is 39 a factor of 858?
True
Is 6 a factor of 20301?
False
Is 12547 a multiple of 65?
False
Is 7 a factor of 1788?
False
Is 78 a multiple of 11?
False
Is 14 a factor of 1245?
False
Does 51 divide 900?
False
Does 30 divide 953?
False
Is 34 a factor of 2749?
False
Is 208 a multiple of 52?
True
Is 1728 a multiple of 36?
True
Is 7 a factor of 18404?
False
Does 22 divide 2664?
False
Is 9 a factor of 109?
False
Does 14 divide 2856?
True
Is 22 a factor of 101552?
True
Does 16 divide 3602?
False
Does 30 divide 150?
True
Is 256 a multiple of 14?
False
Is 64256 a multiple of 16?
True
Is 738 a multiple of 6?
True
Is 4 a factor of 631?
False
Is 2910 a multiple of 10?
True
Is 27866 a multiple of 9?
False
Is 3735 a multiple of 83?
True
Is 44 a factor of 70049?
False
Is 990 a multiple of 66?
True
Does 17 divide 8447?
False
Is 16 a factor of 4601?
False
Is 16 a factor of 55032?
False
Is 501 a multiple of 28?
False
Is 1602 a multiple of 89?
True
Does 89 divide 27653?
False
Is 156 a multiple of 13?
True
Does 2 divide 116?
True
Is 19 a factor of 30719?
False
Is 91 a multiple of 11?
False
Is 724 a multiple of 41?
False
Is 1378 a multiple of 13?
True
Is 3 a factor of 682?
False
Is 5 a factor of 45?
True
Is 832 a multiple of 23?
False
Is 23 a factor of 10925?
True
Does 4 divide 1957?
False
Is 15 a factor of 300?
True
Does 42 divide 304?
False
Is 17 a factor of 34?
True
Is 152 a multiple of 19?
True
Is 5389 a multiple of 11?
False
Is 16 a factor of 704?
True
Does 54 divide 1242?
True
Is 23 a factor of 4956?
False
Does 20 divide 19000?
True
Does 61 divide 13813?
False
Does 24 divide 336?
True
Is 14 a factor of 2045?
False
Is 3552 a multiple of 16?
True
Is 1944 a multiple of 9?
True
Does 7 divide 139?
False
Is 3906 a multiple of 18?
True
Does 57 divide 4731?
True
Is 12 a factor of 15828?
True
Is 6162 a multiple of 79?
True
Does 41 divide 574?
True
Is 1996 a multiple of 70?
False
Does 36 divide 539?
False
Is 3873 a multiple of 254?
False
Is 22 a factor of 2002?
True
Is 6195 a multiple of 21?
True
Is 2964 a multiple of 26?
True
Is 80 a factor of 752?
False
Does 18 divide 1800?
True
Is 225 a factor of 10125?
True
Does 7 divide 1232?
True
Is 8 a factor of 392?
True
Does 39 divide 1404?
True
Does 10 divide 25351?
False
Does 72 divide 648?
True
Is 76447 a multiple of 163?
True
Is 17 a factor of 1868?
False
Is 750 a multiple of 8?
False
Does 7 divide 623?
True
Does 205 divide 3690?
True
Is 153 a factor of 7944?
False
Is 1024 a multiple of 21?
False
Does 19 divide 9329?
True
Is 6682 a multiple of 31?
False
Is 103 a factor of 9617?
False
Is 12 a factor of 16044?
True
Does 16 divide 226?
False
Is 3939 a multiple of 39?
True
Does 14 divide 29652?
True
Does 53 divide 2438?
True
Does 37 divide 844?
False
Is 439 a multiple of 29?
False
Does 4 divide 7688?
True
Is 28960 a multiple of 10?
True
Is 32 a factor of 539?
False
Does 66 divide 208?
False
Does 12 divide 14399?
False
Is 105 a multiple of 35?
True
Does 19 divide 2870?
False
Does 13 divide 19448?
True
Is 143 a factor of 4262?
False
Does 29 divide 1874?
False
Does 5 divide 29442?
False
Is 172 a factor of 53161?
False
Is 2450 a multiple of 21?
False
Is 58 a factor of 870?
True
Is 6 a factor of 402?
True
Does 10 divide 3077?
False
Is 39 a factor of 183?
False
Is 35 a factor of 135?
False
Does 94 divide 5264?
True
Is 53485 a multiple of 95?
True
Is 74661 a multiple of 183?
False
Does 41 divide 3895?
True
Is 3708 a multiple of 12?
True
Is 23 a factor of 7553?
False
Is 11 a multiple of 11?
True
Is 102 a factor of 9354?
False
Is 3445 a multiple of 65?
True
Does 5 divide 6194?
False
Does 11 divide 43527?
True
Is 88 a factor of 1232?
True
Is 4899 a multiple of 318?
False
Is 28 a factor of 2614?
False
Is 18 a factor of 10831?
False
Does 20 divide 970?
False
Is 448 a multiple of 4?
True
Is 20 a factor of 840?
True
Is 12 a factor of 13536?
True
Does 39 divide 2142?
False
Does 52 divide 11700?
True
Is 803 a multiple of 36?
False
Is 3283 a multiple of 22?
False
Is 57 a factor of 3803?
False
Is 781 a multiple of 71?
True
Is 5950 a multiple of 17?
True
Does 191 divide 110589?
True
Is 14 a factor of 126?
True
Is 4884 a multiple of 2?
True
Is 13 a factor of 294?
False
Is 49440 a multiple of 20?
True
Is 13 a factor of 3328?
True
Is 100 a multiple of 25?
True
Does 31 divide 31?
True
Is 20 a factor of 17798?
False
Does 167 divide 5010?
True
Is 1044 a multiple of 87?
True
Is 297 a multiple of 10?
False
Does 96 divide 1678?
False
Is 4620 a multiple of 20?
True
Does 5 divide 580?
True
Is 23 a factor of 63296?
True
Is 6116 a multiple of 22?
True
Does 23 divide 249?
False
Is 1181 even?
False
Is 31 a factor of 9238?
True
Is 2 a factor of 1986?
True
Is 12 a factor of 7224?
True
Does 18 divide 1065?
False
Is 31122 a multiple of 57?
True
Is 24 a factor of 4103?
False
Is 7 a factor of 6075?
False
Is 46768 a multiple of 157?
False
Does 10 divide 200?
True
Is 23 a factor of 6946?
True
Is 9918 a multiple of 19?
True
Does 129 divide 85527?
True
Is 18 a factor of 1296?
True
Is 37 a factor of 2294?
True
Is 3006 a multiple of 8?
False
Does 11 divide 105303?
True
Is 7 a factor of 2037?
True
Is 557 a multiple of 18?
False
Is 1297 a multiple of 179?
False
Is 3734 a multiple of 32?
False
Is 3 a factor of 920?
False
Is 2 a factor of 137?
False
Is 5838 a multiple of 42?
True
Is 594 a multiple of 54?
True
Is 11 a factor of 1804?
True
Does 10 divide 664?
False
Is 195 a factor of 44022?
False
Does 266 divide 4217?
False
Is 57041 a multiple of 80?
False
Does 244 divide 41236?
True
Does 146 divide 3810?
False
Is 1848 a multiple of 66?
True
Does 22 divide 21150?
False
Is 4 a factor of 98?
False
Does 119 divide 449?
False
Does 39 divide 16337?
False
Is 16 a factor of 39483?
False
Does 22 divide 239?
False
Is 160 a factor of 5698?
False
Is 309 a multiple of 41?
False
Is 19423 a multiple of 19?
False
Does 2 divide 317?
False
Is 4 a factor of 1420?
True
Does 46 divide 610?
False
Is 13 a factor of 650?
True
Is 3197 a multiple of 37?
False
Is 9 a factor of 8726?
False
Is 3234 a multiple of 33?
True
Is 2914 a multiple of 31?
True
Does 7 divide 1414?
True
Does 135 divide 6108?
False
Does 20 divide 2860?
True
Is 4789 a multiple of 14?
False
Is 13 a factor of 402?
False
Does 71 divide 568?
True
Is 4520 a multiple of 20?
True
Is 2432 a multiple of 2?
True
Is 12 a factor of 117413?
False
Is 8